 r be l(-6). What is the remainder when (4/(-5) + -1)/(r/(-670)) is divided by 1?
0
Suppose -5*b - 34 + 109 = 0. Suppose 5*n = b*n. Suppose n = -6*f + 75 + 9. Calculate the remainder when 97 is divided by f.
13
Suppose o + 6 - 5 = -3*l, -2 = -2*o - 2*l. Suppose -o*d + 6*d = 376. What is the remainder when d is divided by 29?
7
Suppose -6*n + 16*n + 29360 = 0. What is the remainder when (5/(-10))/((-2 - -4)/n) is divided by 67?
64
Let h = -13431 - -13665. Calculate the remainder when 919 is divided by h.
217
Let k = -23 - -50. Let g be (-128)/3*k/(-18). Suppose 3*b - 193 + g = 0. Calculate the remainder when b is divided by 9.
7
What is the remainder when ((-68)/34)/(2/(-301)) is divided by 117?
67
Let z(t) = 38*t - 17. Let i be z(1). Let d be 0/2 + (30 - -2). Let l = d - i. Calculate the remainder when 20 is divided by l.
9
Let o(u) = 4*u - 8. What is the remainder when (-2016)/(-256)*28/3 - (-1)/(-2) is divided by o(6)?
9
Let z = 59 + -57. Suppose -2*a = -a, 5*q - 45 = -z*a. Let u(s) = 16*s - 30. What is the remainder when u(q) is divided by 23?
22
Suppose 2*f = 4542 + 4200. Suppose -11*x + f = 20*x. What is the remainder when x is divided by 41?
18
Let o be ((-19)/(-5))/(1/5). Let z = 4 + o. Calculate the remainder when 61 is divided by z.
15
Let d = -117 - -131. What is the remainder when 2 - 909/(-21) - 4/d is divided by 8?
5
Suppose 107*f + 2232 = 98*f. Let k = f + 273. What is the remainder when k is divided by 24?
1
Let w(v) = v**2 + 20*v + 104. Let c be w(-11). Suppose -c*h + 125 = -5*f, f - 27 = 2*h - 76. Calculate the remainder when 30 is divided by h.
6
Let d = 13853 + -13784. Calculate the remainder when 777 is divided by d.
18
Let y(l) = -l**2 + 24*l - 47. Suppose -99 - 21 = -8*n. Calculate the remainder when y(n) is divided by 10.
8
Suppose -2*g + g = 3*j - 659, -7*g + 3*j = -4613. Calculate the remainder when g is divided by 132.
131
Let d = 18201 - 18034. What is the remainder when d is divided by 62?
43
Suppose -265*m - 266*m + 1656 = -507*m. Calculate the remainder when 4553 is divided by m.
68
Let h(i) = -159*i - 6902. Calculate the remainder when h(-45) is divided by 123.
7
Let y(q) = 3*q**2 + 4*q + 14. Suppose 3*m - 39 = 4*t + 25, 0 = 4*m - 5*t - 87. Calculate the remainder when y(5) is divided by m.
25
Let c(u) = 34*u - 57. Let b(h) = h**2 - 70*h + 113. Let n(x) = 4*b(x) + 7*c(x). Calculate the remainder when 57 is divided by n(10).
24
Let w = 119 + -6. Let i = w - 108. Calculate the remainder when 10 is divided by i.
0
Suppose 5*n + 3*p = 1007, 0 = 3*n + p + 32 - 641. Calculate the remainder when 2250 is divided by n.
200
Let o(p) = p**3 + p**2 + 2. Let z(c) = 4*c**3 - 12*c**2 - 124*c - 27. Let u(t) = -3*o(t) + z(t). Calculate the remainder when u(21) is divided by 5.
4
Let s(t) be the first derivative of 8*t**3/3 - 3*t**2 - 11*t + 29. What is the remainder when s(4) is divided by 47?
46
Let d be ((-3)/(-2) - 18/4) + 263. Suppose 10*c - 23*c + d = 0. Calculate the remainder when 49 is divided by 144/15 + 8/c.
9
Let c = -12 + 14. Suppose 2*t + 924 = 30*t. What is the remainder when t is divided by (15/(-20))/(c/(-48))?
15
What is the remainder when 379 is divided by (-18 - -21)/((-1)/(-14))?
1
Suppose 0 = 3*q + 3*k - 630, q - 3*k = 123 + 79. Calculate the remainder when q is divided by 28.
12
Suppose w - 107 = -15*h - 14, 4*w - 148 = -4*h. Calculate the remainder when 725 is divided by w.
32
Suppose 3*h - 19*h + 1845 = -h. What is the remainder when h is divided by 17?
4
Suppose 11474 - 19108 + 60446 = 54*b. Calculate the remainder when b is divided by 17.
9
Suppose -72*n = -79*n - 42. What is the remainder when (-2)/n - (221/(-3) - 2) is divided by 25?
1
Suppose -1398 = -287*c + 281*c. What is the remainder when c is divided by 39?
38
Suppose -i + 231 = 2*i. Suppose 0 = -3*x + 201 - 213. Calculate the remainder when i is divided by 26 - x/8*-12.
17
Suppose 0 = p - 3*t - 458 - 113, 2224 = 4*p + 3*t. Suppose 16*o - p = 385. What is the remainder when o is divided by 30?
29
Let h(j) = 2*j**3 - 4*j**2 + 4*j - 2. Let a = 156 - 145. Calculate the remainder when h(3) is divided by 6 + 0 - a/(33/(-9)).
1
Let i(q) = 164*q**2 + 15*q + 51. What is the remainder when i(-3) is divided by 53?
51
Suppose 0*h - 12 = 2*h + 4*r, -22 = -5*h + 3*r. Suppose 254 = h*a + 3*a - f, -f = 4. Calculate the remainder when 195 is divided by a.
45
Let f(k) = k**3 - 22*k**2 + 20*k + 26. Let j be f(21). Suppose -2*o = 4*a - 26, -2*o + 6*o = -j*a + 58. What is the remainder when o is divided by 6?
5
Suppose 5*r - 2*k - 2275 = 0, -26*r + 2*k + 455 = -25*r. What is the remainder when r is divided by 6/(-30) - (-858)/15?
56
Let k(z) = -2 + 8 + 2*z + 16*z. Suppose 4*u + 14 = 5*l, 21 = 3*l + 3*u + 18. Calculate the remainder when k(l) is divided by 11.
9
Suppose 31*g = -126*g + 15700. What is the remainder when 13497 is divided by g?
97
Let s be (-4165)/(-9) + (-2)/(-9). Let f(r) = -r**3 + 10*r**2 - 626*r + 4912. What is the remainder when (-6)/(-15) - s/(-5) is divided by f(8)?
29
Suppose 578 = -2*f + 4*f. Calculate the remainder when f is divided by 9*-4*(-17 - (-513)/36).
91
Let y = 4743 - 4306. Calculate the remainder when y is divided by 64.
53
Suppose 2*y - n = -5*n + 118, -y - 5*n + 62 = 0. Let f = -9 - -19. Suppose 5*l = -0*h - 2*h + f, -5*l = 20. Calculate the remainder when y is divided by h.
12
Suppose 3*m + 2*r - 3*r - 256 = 0, 2*r = m - 92. Let n = -82 + m. Suppose -n*k = -9 - 55. What is the remainder when k is divided by 11?
10
Suppose -4*z + 18 - 279 = -5*h, 4*z = -3*h + 195. Calculate the remainder when h is divided by (4/6)/((-1)/(-18)).
9
Suppose 6*b = -12*b + 13718 - 380. Calculate the remainder when b is divided by 189.
174
Suppose 3*c - 39 = 75. Suppose 13*m = -3*b + 8*m + 46, 4*b = 5*m + c. Calculate the remainder when 84 - 1 - 4/2 is divided by b.
9
Suppose -3*q = -0*q + q. Suppose q*c + 5*c = 50. Suppose c = 10*g - 8*g. Calculate the remainder when 7 is divided by g.
2
Let o = 88 + -92. Let u(c) = -c**2 - 3*c - 14. Let l be u(o). Let z = l - -22. Calculate the remainder when 27 is divided by z.
3
Suppose 0 = 22*g - g + 4*g - 600. What is the remainder when 40 is divided by g?
16
Let o(z) be the second derivative of z**5/20 + z**4/2 - 2*z**3/3 - 7*z**2/2 - z + 106. Calculate the remainder when o(3) is divided by 29.
4
Let f = 278 - 167. Suppose 15*s = 7*s + 1376. Let w = s - f. What is the remainder when w is divided by 32?
29
Let j(g) = -28*g + 2489. What is the remainder when j(44) is divided by 217?
172
Suppose 0 = -q - 0*z + z + 2760, -3*q = -4*z - 8281. What is the remainder when q is divided by 92?
91
Suppose -5*f - p + 3004 = 778, 2*f = 4*p + 864. Calculate the remainder when f is divided by 105.
24
What is the remainder when 125*(-160)/(-500)*(-5)/(-4) is divided by (-2 - (-24 + -2)) + 2?
24
Suppose 0 = -j - 3*p + 7, 3*j + p + 4 = 49. Suppose j*u = 28*u - 84. Suppose 0 = -3*k + 24 - 9. What is the remainder when u is divided by k?
2
Let z = 5983 + -5718. What is the remainder when z is divided by 132?
1
Let h = 19 + -16. What is the remainder when (2/(-4))/(3/(-630)*h) is divided by ((-9)/5)/(3/(-15))?
8
Let x = -1774 + 1797. What is the remainder when 756 is divided by x?
20
Let z(w) = w**3 + 18*w**2 + 8*w - 33. Let v be z(-15). Suppose -5*k = k - v. Calculate the remainder when k is divided by 13.
9
Let g(m) = -m**3 - m**3 + 7*m + 7*m**2 + 3*m**3 + 4*m**2. Let d(s) = -59*s. What is the remainder when d(-2) is divided by g(-10)?
28
Let g(f) = f**3 + 14*f**2 - 2*f - 18. Let q = 185 - 199. Calculate the remainder when 49 is divided by g(q).
9
Let z = 74 + -44. Suppose -13024 = 2739*g - 2813*g. What is the remainder when g is divided by z?
26
Let l = -179 + 181. Let h(w) = 39*w - 51. What is the remainder when 239 is divided by h(l)?
23
Let v(q) = -q**2 + 51*q - 86. Let z be v(31). Suppose 3*m = -3*m + z. Calculate the remainder when m is divided by (-49)/(-2) + (-4)/8.
17
Let m be (-31 + 30)/((-3)/651). Let f = 310 - m. What is the remainder when f is divided by 50?
43
Suppose -113 = -3*n - 5*s, 2*n - 5*n = 3*s - 123. Suppose -4 = m - 5*d + 3, -d = 8*m - 67. What is the remainder when n is divided by m?
6
Suppose -18*x - 17170 = -52*x. What is the remainder when x is divided by 235?
35
Let w = 72 - 64. Let h(q) = -q**3 + 16